he prime factors of b(-10).
2, 3, 7
Let k(q) = -q**3 - 14*q**2 - 14*q - 33. Let n be k(-13). What are the prime factors of 2/3*2595/n*-4?
2, 173
Let u be (-14)/(-1)*(-9)/(-18). Suppose 2*x - u*x = 2*q - 364, 3*q - 565 = 2*x. Let j = -92 + q. What are the prime factors of j?
5, 19
Suppose 8*y + 128*y + 18*y - 4309228 = 0. List the prime factors of y.
2, 17, 823
Let r be 19766/(-22) + 84/(-154). Let l = r - -1741. What are the prime factors of l?
2, 421
Let w = -1821 + 3124. Suppose -s + w = -6. What are the prime factors of s?
7, 11, 17
List the prime factors of 31166 + (-1 - ((-437)/161 + (-4)/14)).
2, 487
Let h = 2322 - -134. What are the prime factors of h?
2, 307
Let g(j) = j**2 - 4*j + 7. Let q be g(6). Suppose 6*r = q + 11. Suppose -m + r*w + 124 = m, w + 140 = 2*m. What are the prime factors of m?
2, 3
Suppose 69*p + 8*p + 82*p - 8014236 = 0. What are the prime factors of p?
2, 12601
List the prime factors of (-12 - 2783529/(-84)) + 0 + (-2)/8.
5, 53
Let y be ((-25245)/(-10) - 3)*10/(-15). Let u = -545 - y. List the prime factors of u.
2, 71
Suppose 6 = 98*t - 95*t. What are the prime factors of -18*(t/4*-191 + 4)?
3, 61
Suppose -3*z + 9 = -2*r, 5*z + 0*z - 15 = -5*r. Suppose 2*x = 5*v - 33, r = -2*v + x - 0*x + 14. Suppose -v*q + 34 = -3*q. What are the prime factors of q?
17
Let o = 1899 - -1620. What are the prime factors of o?
3, 17, 23
Let o(m) = -52*m**3 - 7*m**2 + 125*m + 915. What are the prime factors of o(-8)?
3, 13, 223
Let y(v) = 12*v + 105. Suppose 3*i + 15 = -5*o, -3*i - 6 + 15 = -3*o. What are the prime factors of y(i)?
3, 5, 7
Let q(p) be the third derivative of 17*p**4/12 - p**3/2 + 17*p**2. Let d be q(5). Let x = -104 + d. List the prime factors of x.
3, 7
Suppose 0 = -9*b + 12*b - 15. Suppose 4*a = -3*h + 26, b*h - 4*a - 2 = -12. Suppose h*s + o - 3*o - 368 = 0, 4*o = 3*s - 555. List the prime factors of s.
181
Suppose -60 = 17*x - 196. What are the prime factors of -10*x/(-60)*318?
2, 53
Let m = 112 + -111. Let v be (m/6 + 4/24)*33. Suppose -v*i = -1122 + 33. List the prime factors of i.
3, 11
Let b = 310 - 307. Suppose -4*j = -b*x - 1713, 0 = -j + 13*x - 10*x + 417. What are the prime factors of j?
2, 3
List the prime factors of (945/(-4))/((-1)/24).
2, 3, 5, 7
Let o be 9/(-15) + (-36)/(-60). Suppose -4*n - 18*n + 11748 = o. What are the prime factors of n?
2, 3, 89
Let m(q) = q**2 + 13*q - 30. Let j be m(2). Suppose j = 3*g + 115 - 454. What are the prime factors of g?
113
Let s(h) = 8*h**2 - 2*h - 26. Let m = 359 - 349. What are the prime factors of s(m)?
2, 13, 29
Let v be 6/(-27) + (-48)/27. Let n be v/4*0*1. Suppose 0*b - 5*a - 205 = -3*b, n = -5*b - 3*a + 387. What are the prime factors of b?
3, 5
Let i be (-156)/(-20) - 4 - 12/15. Let p be 16/24 - 11/i. List the prime factors of -1 + (-122)/p + 9/27.
2, 5
Let w be 6/(-15) - (-34)/10. Suppose 245 = 4*g - 5*l, -l + 190 = w*g - 6*l. Let d = g + -26. List the prime factors of d.
29
Let a(f) = 448*f**2 + 30*f - 112. Let k be a(4). What are the prime factors of 1 + 1 + (-11)/((-88)/k)?
29, 31
Let q(d) = 8406*d**2 - 71*d + 152. What are the prime factors of q(2)?
2, 67, 251
Let l be (-3)/12*-1 - (-22)/8. Suppose -4*p + 1 + l = 0, -p = 5*v - 6551. What are the prime factors of v?
2, 5, 131
Suppose 57*n - 42*n = -2445. Let w(o) = -12*o**3 + 2*o**2 + 3*o. Let v be w(3). Let j = n - v. What are the prime factors of j?
2, 67
Let m = -73 - -80. Suppose 0 = -j + z + 8, z + 20 = m*j - 3*j. Let c(y) = -y**3 + 5*y**2 + 4*y - 10. What are the prime factors of c(j)?
2, 11
Let c be ((-4)/3 - -1) + (-8)/(-24). Let x(i) = -6*i + 157. What are the prime factors of x(c)?
157
Suppose -b - 3*a = -3864, 23*b - 5*a + 19340 = 28*b. What are the prime factors of b?
2, 3, 5, 43
Let i = 13372 + -6952. List the prime factors of i.
2, 3, 5, 107
Let m(x) = 215*x + 44. Let w be m(11). List the prime factors of (-46)/(-3)*w/22 - 5.
2, 3, 31
Let w(b) = b**3 + 4*b**2 + 3*b + 5. Let m be w(-3). Suppose 4*a - 21 = 3*l + 582, m*a = -l + 768. What are the prime factors of a?
3, 17
Let w be (-21 - (-1035)/46)*(-106)/3. Suppose i - 220 + 59 = 0. Let z = i - w. What are the prime factors of z?
2, 107
List the prime factors of (-11 - 1) + 1780240/154.
2, 2887
Let o be 3*60/(-21)*532/24. Let m = o + 266. List the prime factors of m.
2, 19
Suppose 30921 = 5*m - 45*g + 44*g, -24735 = -4*m - g. What are the prime factors of m?
2, 773
Suppose 3*f = o + 4*o - 8, 28 = 5*f + 2*o. Suppose -3*p = -5*u + 57, u - f*p = -3*u + 52. List the prime factors of 2935/45 + (-2)/u.
5, 13
Let o = -548 + 8. Let n = 859 - o. List the prime factors of n.
1399
Let l(n) be the second derivative of 3*n**5/4 + n**4/12 - n**3/3 - 10*n. Let j be l(-2). Let x = 243 + j. What are the prime factors of x?
131
Let f = 32 - 39. Let n(x) = x**2 + 8*x - 13. Let i(h) = h**2 - 7*h + 12. Let y(b) = 2*i(b) + 3*n(b). List the prime factors of y(f).
2, 5
Let o = -117 - -4485. List the prime factors of o.
2, 3, 7, 13
Let q(c) = -6*c - 13. Let a be q(-3). Suppose a*t + 2*w - 114 + 3 = 0, 2*t - 3*w - 52 = 0. What are the prime factors of t?
23
Suppose 4*a - 10 = 22. Suppose a*t - 54 - 74 = 0. List the prime factors of t/((-3)/(-4 - 2)).
2
Suppose 32*d - 59 = 261. Suppose -1319 = -d*z - 419. List the prime factors of z.
2, 3, 5
Suppose 0 = -y - 3*h + 288, 3*y = -2*y - 2*h + 1401. Let g = y - 54. What are the prime factors of g?
3, 5
List the prime factors of ((-2)/6)/(101/(-3697509)).
12203
What are the prime factors of ((90/4)/(-9))/((-25)/505320)?
2, 3, 4211
What are the prime factors of (93/(-279))/(2/(-36132))?
2, 3011
Suppose 3*k + 47*b - 75724 = 42*b, 3*b = 5*k - 126150. List the prime factors of k.
3, 13, 647
Let z = 8297 - 6935. List the prime factors of z.
2, 3, 227
Let m = 4262 - -8412. What are the prime factors of m?
2, 6337
Let u(z) = z**3 + 40*z**2 + 79*z + 50. List the prime factors of u(-22).
2, 439
Suppose -7*x = 2*g - 8*x - 3, 3*g = 2*x + 6. What are the prime factors of 694 - 23 - (0 + g)?
11, 61
What are the prime factors of 1508273/195 - 8/(-30)?
5, 7, 13, 17
Let d(y) = -135*y**3 - 10*y**2 - 20*y - 30. List the prime factors of d(-4).
2, 5, 853
Suppose -2*y + 2*k + 410 = 0, -2*y - 824 = -6*y + 3*k. Suppose -86*d + 440 = -592. Suppose 11*t = d*t - y. List the prime factors of t.
11, 19
Let d = -579 + 755. Let t be 1/2*16*14. Let p = d - t. What are the prime factors of p?
2
Let h = -16023 + 27054. What are the prime factors of h?
3, 3677
Let w(j) = -2*j**2 + j - 13. Let q(y) = 6*y**2 - 2*y + 38. Let p(i) = -6*q(i) - 20*w(i). List the prime factors of p(11).
2, 107
List the prime factors of 1190252/49 + (-13)/(-91).
3, 2699
Let f = 677 + -264. Suppose 7*t = 623 + f. List the prime factors of t.
2, 37
Suppose 443*j - 53658 = 421*j. List the prime factors of j.
3, 271
Suppose 17*h = 38*h - 63. Let c(j) = 303*j + 150. List the prime factors of c(h).
3, 353
Suppose -3*a = 4*z - 4028, 921 = 3*a - 2*z - 3113. What are the prime factors of a?
2, 3, 7
Let z = -188 + 235. Suppose 0 = -4*j + 8*j - 12, -3*j - z = -2*x. List the prime factors of x.
2, 7
Suppose -81*c + 76*c - 100866 = -4*a, 0 = -2*a - c + 50440. List the prime factors of a.
25219
Let m(a) = -a**3 - 15*a**2 - 3*a - 35. Let d be m(-15). Let y be 6/20*2 + (-96)/d. Let w = y - -106. What are the prime factors of w?
97
Let d(c) = -8*c - 4. Let x be d(5). Let v(t) = 7*t**3 - 11*t**2 + 18*t - 7. Let i be v(3). Let w = i + x. List the prime factors of w.
3, 31
Suppose 2*m + 15 = q - 4*q, 5*m + 25 = 5*q. Let a be (3 + -2)*(9 + m). What are the prime factors of (16/a*-1)/(12/(-396))?
2, 11
Let p(r) = 2*r**3 + 73*r**2 - 19*r + 59. Let c be p(-34). Suppose 6497 = 5*f - 0*q + q, -5*f = 5*q - c. List the prime factors of f.
2, 5, 13
Suppose 101102 + 73912 = 10*g - 45386. List the prime factors of g.
2, 5, 19, 29
Let i(p) = -p**3 + 110*p**2 + 218*p + 880. What are the prime factors of i(108)?
2, 47, 127
Suppose l = -9 + 13. List the prime factors of -6*(-1 + 2*(-47 + l)).
2, 3, 29
Let s be 2/21 + (-719233)/483. Let k = s - -2105. List the prime factors of k.
2, 7, 11
Let r be (1/(-4))/((-6)/(-144)*-1). Suppose -4*m - 4*t + 56 = 0, 0 = 5*m + 3*t - 70. Suppose 0 = -r*k + 412 + m. List the prime factors of k.
71
Suppose -16619 + 57467 = 2*a - 5*r, 5*r = -a + 20424. List the prime factors of a.